{"id":1091,"date":"2015-12-27T18:41:34","date_gmt":"2015-12-27T15:41:34","guid":{"rendered":"http:\/\/cankattaskin.av.tr\/?page_id=1091"},"modified":"2025-12-13T15:29:40","modified_gmt":"2025-12-13T12:29:40","slug":"paneller-ve-soylesiler","status":"publish","type":"page","link":"https:\/\/cankattaskin.av.tr\/?page_id=1091","title":{"rendered":"AKADEM\u0130K ETK\u0130NL\u0130KLER\u0130M"},"content":{"rendered":"<ol>\n<li>Ankara Hac\u0131 Bayram Veli \u00dcniversitesi taraf\u0131ndan d\u00fczenlenen \u201cT\u00dcRK CEZA HUKUKU MEVZUATININ 20 YILLIK UYGULAMASININ DE\u011eERLEND\u0130R\u0130LMES\u0130 (Prof. Dr. Cumhur \u015eAH\u0130N\u2019e Arma\u011fan) SEMPOZYUMU\u201dnun 12 Aral\u0131k 2025 g\u00fcnk\u00fc<br \/>oturumunda (7.Oturum, B Salonu) , 15:00-16.30 aras\u0131nda \u201cKovu\u015fturma Evresinde Susma Hakk\u0131n\u0131n<br \/>Kullan\u0131lmas\u0131n\u0131n Delillerin Ortaya Konulmas\u0131na Etkisi\u201d ba\u015fl\u0131kl\u0131 tebli\u011fimi sundum.<\/li>\n<li>Adalet Te\u015fkilat\u0131n\u0131 G\u00fc\u00e7lendirme Vakf\u0131 Antalya E\u011fitim ve Sosyal Tesisleri\u2019nde 1-3 Aral\u0131k 2025 tarihlerinde ger\u00e7ekle\u015ftirilen \u201cT\u00fcrk Denetimli Serbestlik Sistemi, 20. Y\u0131l Uluslararas\u0131 Kongresi\u201dnde \u201cDENET\u0130ML\u0130 SERBESTL\u0130KTE YAPAY ZEK\u00c2NIN KULLANILMASI \u00dcZER\u0130NE DE\u011eERLEND\u0130RME\u201d ba\u015fl\u0131kl\u0131 tebli\u011fimi 3 Aral\u0131k 2025 g\u00fcn\u00fc sundum.\n<ol>\n<li>1 \u015eubat 2025 cumartesi g\u00fcn\u00fc Bursa Barosu\u2019nda d\u00fczenlenen meslekta\u015flar\u0131m\u0131zla \u201cSoru\u015fturma ve Kovu\u015fturma Evrelerinde M\u00fcdafilik\u201d konulu konferansta konu\u015fmac\u0131yd\u0131m. Konferans afi\u015fi i\u00e7in <a href=\"https:\/\/cankattaskin.av.tr\/wp-content\/uploads\/2025\/02\/konferans-afisi.jpeg\" target=\"_blank\" rel=\"noopener\">t\u0131klay\u0131n\u0131z.<\/a><\/li>\n<li>\u0130stanbul Ayd\u0131n \u00dcniversitesi Antropoloji Toplu\u011fu taraf\u0131ndan d\u00fczenlenen I. Toplum Konferans\u0131 (Toplumsal Olaylar\u0131n Sosyal Medyaya Yans\u0131mas\u0131) konulu 25.12.2024 tarihli konferansta &#8221; Israrl\u0131 Takip Su\u00e7u ve Kad\u0131n\u0131n Korunmas\u0131&#8221; konulu sunumu ger\u00e7ekle\u015ftirdim. Panel afi\u015f linki i\u00e7in <a href=\"https:\/\/cankattaskin.av.tr\/wp-content\/uploads\/2024\/12\/01-25.12.2024-t-sunum-gorseli.jpg\">t\u0131klay\u0131n\u0131z<\/a><\/li>\n<li>\n<p align=\"JUSTIFY\"><span style=\"color: #333333;\"><span style=\"font-family: Times New Roman, serif;\"><span style=\"font-size: medium;\">T\u00fcrkiye&#8217;de Bili\u015fim Su\u00e7lar\u0131nda \u00c7ocuklara Y\u00f6nelik D\u00fczenlemeler\u201d, Dijital D\u00fcnyada \u00c7ocuklar\u0131n S\u00f6m\u00fcr\u00fc ve \u0130stimardan Korunmas\u0131 Sempozyumu, T\u00fcrkiye Barolar-Birli\u011fi-UNICEF, 24-25 Kas\u0131m 2023, (<\/span><\/span><\/span><span style=\"color: #333333;\"><span style=\"font-family: Times New Roman, serif;\"><span style=\"font-size: medium;\">S\u00f6zl\u00fc Bildiri, 25 Kas\u0131m 2023).<\/span><\/span><\/span>Sempozyum linki i\u00e7in<a href=\"https:\/\/www.youtube.com\/watch?v=YFzw_LlhLVw\" target=\"_blank\" rel=\"noopener\"> t\u0131klay\u0131n\u0131z:<\/a><\/p>\n<\/li>\n<li>\u00a0\u201cYapay Zek\u00e2n\u0131n Ceza Muhakemesinde \u0130ddia ve H\u00fck\u00fcm Makam\u0131nda Bulunmas\u0131na \u0130li\u015fkin D\u00fc\u015f\u00fcnceler\u201d, \u0130stanbul Medeniyet \u00dcniversitesi-Bili\u015fim ve Teknoloji Hukuku Derne\u011fi II. Uluslararas\u0131 Bili\u015fim ve Teknoloji Hukuku Sempozyumu, (19-20-21 Kas\u0131m 2022), Bildiri (Tam metin)<\/li>\n<li>\u0130stanbul Medeniyet \u00dcniversitesi-Bili\u015fim ve Teknoloji Hukuku Derne\u011fi taraf\u0131ndan organize edilen Uluslar Aras\u0131 Bili\u015fim ve Teknoloji Hukuku Sempozyumu&#8217;nda (3-4-5 Aral\u0131k 2021) 4 4 Aral\u0131k cumartesi g\u00fcnk\u00fc 2.oturumda &#8220;Stalking (Siber G\u00f6zetlenme) Eyleminin Ceza Hukukundaki Yapt\u0131r\u0131m\u0131n\u0131n De\u011ferlendirilmesi&#8221; konulu tebli\u011fimi sundum. Sempozyum\u00a0 kitap olarak <a href=\"https:\/\/www.adaletyayinevi.com.tr\/9786258038798?search=uluslararas%C4%B1\" target=\"_blank\" rel=\"noopener\">bas\u0131lm\u0131\u015ft\u0131r.<\/a> Youtube linki i\u00e7in <a href=\"https:\/\/www.youtube.com\/watch?v=rqulnRiQ8rE\" target=\"_blank\" rel=\"noopener\">t\u0131klay\u0131n\u0131z\u00a0<\/a><\/li>\n<li>12-13 Kas\u0131m 2021 tarihlerinde (online ortamda) ger\u00e7ekle\u015fen\u00a0 \u201c\u00c7evre ve Halk Sa\u011fl\u0131\u011f\u0131 \u0130\u00e7in\u201d EMANET2021 Sempoyumunda 13 Kas\u0131m 2021 cumartesi g\u00fcn\u00fc 7. Oturumda (s.13-15) \u2018Elektromanyetik Alanlar\u0131n Zararl\u0131 Etkilerine Maruz Kalan Kurum\/Ki\u015fi Olarak Nas\u0131l Bir Hukuksal Yol \u0130zlemeliyiz?\u201d<br \/>konulu s\u00f6zl\u00fc tebli\u011fimi sundum. Ayn\u0131 g\u00fcn 1. oturumda ise \u201cBAZ \u0130STASYONLARININ KALDIRILMASINA \u0130L\u0130\u015eK\u0130N HUKUK\u0130 S\u00dcRE\u00c7TE YARGITAY\u2019IN KARARLARINDAK\u0130 DE\u011e\u0130\u015e\u0130ME DA\u0130R ELE\u015eT\u0130R\u0130 ve MEVCUT DURUMDA \u0130\u015eLET\u0130LEB\u0130LECEK HUKUK\u0130 S\u00dcRE\u00c7\u201d konulu bilimsel tebli\u011fimi de sundum. Sempozyum ilerleyen g\u00fcnlerde kitap olarak bas\u0131lacakt\u0131r.<\/li>\n<li>\u0130zmir 6. Uluslararas\u0131 Bili\u015fim Hukuku Kurultay\u0131&#8217;nda 24 Eyl\u00fcl 2021 cuma g\u00fcn\u00fc saat 15.30-15.45 aras\u0131nda (4. oturum) &#8220;5651 Say\u0131l\u0131 Kanunun 9\u2019uncu Maddesine Eklenen Onuncu F\u0131kra I\u015f\u0131\u011f\u0131nda T\u00fcrk Hukukunda Unutulma Hakk\u0131na \u0130li\u015fkin De\u011ferlendirme&#8221; ba\u015fl\u0131kl\u0131 online tebli\u011fimi sundum.\u00a0 Linki i\u00e7in 6:23:19 ile ba\u015flayan k\u0131s\u0131mdan benim sunumuma ula\u015fabilirsiniz.\u00a0<a href=\"https:\/\/www.youtube.com\/watch?v=WStGO5p0p-U\" target=\"_blank\" rel=\"noopener\"> https:\/\/www.youtube.com\/watch?v=WStGO5p0p-U<\/a><\/li>\n<li>\n<div dir=\"auto\">&#8220;Dijitalle\u015fmenin T\u00fcrk Vergi Sistemine Etkileri Sempozyumu &#8221;\u00a0 (22 May\u0131s 2021, Online Sempozyum)\u00a0 Sempozyumunda &#8220;Kriptopara Kullan\u0131m\u0131 Yoluyla Vergi Ka\u00e7\u0131rman\u0131n Vergi Ceza Hukuku A\u00e7\u0131s\u0131ndan Yapt\u0131r\u0131ma Ba\u011flanmas\u0131 Sorunu&#8221; konulu tebli\u011fimi sundum.<\/div>\n<div dir=\"auto\">Sempozyumun youtube linkleri a\u015fa\u011f\u0131dad\u0131r:<\/div>\n<div dir=\"auto\"><a class=\"oajrlxb2 g5ia77u1 qu0x051f esr5mh6w e9989ue4 r7d6kgcz rq0escxv nhd2j8a9 nc684nl6 p7hjln8o kvgmc6g5 cxmmr5t8 oygrvhab hcukyx3x jb3vyjys rz4wbd8a qt6c0cv9 a8nywdso i1ao9s8h esuyzwwr f1sip0of lzcic4wl py34i1dx gpro0wi8\" tabindex=\"0\" role=\"link\" href=\"https:\/\/www.youtube.com\/watch?v=Z5UxWxNxONM&amp;list=PLAjv5LzJzQuUqGcc5ZZTPilNlhqcbMRsx&amp;index=5&amp;fbclid=IwAR3JAPf3Mf9Z9snIsywxSxypjGDgbLvcFPvlOtnrIr9UoXDjQ0mrFa51dJk\" target=\"_blank\" rel=\"nofollow noopener\">https:\/\/www.youtube.com\/watch?v=Z5UxWxNxONM&#8230;<\/a> (B\u00d6L\u00dcM-I: Sabahki oturumlar)<\/div>\n<div dir=\"auto\"><a class=\"oajrlxb2 g5ia77u1 qu0x051f esr5mh6w e9989ue4 r7d6kgcz rq0escxv nhd2j8a9 nc684nl6 p7hjln8o kvgmc6g5 cxmmr5t8 oygrvhab hcukyx3x jb3vyjys rz4wbd8a qt6c0cv9 a8nywdso i1ao9s8h esuyzwwr f1sip0of lzcic4wl py34i1dx gpro0wi8\" tabindex=\"0\" role=\"link\" href=\"https:\/\/www.youtube.com\/watch?v=H5r_4icgVB4&amp;fbclid=IwAR2ST4yDuN2oqMhq-0bJUG6XVG5jq2e-0Zyqg4hAEg--4PRqQOielIpZMZM\" target=\"_blank\" rel=\"nofollow noopener\">https:\/\/www.youtube.com\/watch?v=H5r_4icgVB4<\/a> (B\u00f6l\u00fcm II-\u00d6\u011fleden sonraki oturumlar)<\/div>\n<p>Sempozyum program\u0131 ve duyuru linki i\u00e7in <a href=\"https:\/\/uludag.edu.tr\/hukuk\/etkinlik\/view?id=1759&amp;title=dijitallesme-surecinin-turk-vergi-sistemine-etkileri\" target=\"_blank\" rel=\"noopener\">t\u0131klay\u0131n\u0131z:\u00a0<\/a><\/p>\n<p>Sempozyumun kitap s\u00fcr\u00fcm\u00fc i\u00e7in<a href=\"http:\/\/acikerisim.uludag.edu.tr\/jspui\/handle\/11452\/22396\" target=\"_blank\" rel=\"noopener\"> t\u0131klay\u0131n\u0131z<\/a><\/p>\n<\/li>\n<li>Bah\u00e7e\u015fehir \u00dcniversitesi Bili\u015fim ve Teknoloji Hukuku Kul\u00fcb\u00fc&#8217;n\u00fcn organize etti\u011fi &#8220;Bili\u015fim Su\u00e7lar\u0131&#8221; konulu panel 6Aral\u0131k 2019 Cuma g\u00fcn\u00fc saat 18.30&#8217;da Bah\u00e7e\u015fehir \u00dcniversitesi Be\u015fikta\u015f Kamp\u00fcs\u00fc (G\u00fcney Kamp\u00fcs) Faz\u0131l Say Salonu&#8217;nda ger\u00e7ekle\u015ftirilmi\u015ftir. &#8220;5651 Say\u0131l\u0131 Kanun&#8217;daki Eri\u015fim Yasaklar\u0131&#8221; konulu tebli\u011f taraf\u0131mdan sunulmu\u015ftur.<\/li>\n<li>&#8220;Avukatlara Elektronik Tebligat Zorunlulu\u011fu ve KEP&#8221; konferans\u0131, ilginin yo\u011fun olmas\u0131 nedeniyle 14 OCAK 2019 tekrarland\u0131.<br \/>Sunum g\u00f6rselleri i\u00e7in <a href=\"https:\/\/cankattaskin.av.tr\/wp-content\/uploads\/2019\/01\/sunum-14.01.2019.pdf\" target=\"_blank\" rel=\"noreferrer noopener\" aria-label=\" (yeni sekmede a\u00e7\u0131l\u0131r)\">t\u0131klay\u0131n\u0131z. <\/a><br \/>Konferans\u0131n videosu i\u00e7in <a href=\"https:\/\/www.youtube.com\/watch?v=oGRTwr68rsA&amp;feature=youtu.be\" target=\"_blank\" rel=\"noreferrer noopener\" aria-label=\"t\u0131klay\u0131n\u0131z  (yeni sekmede a\u00e7\u0131l\u0131r)\">t\u0131klay\u0131n\u0131z <\/a><\/li>\n<li>4 Ocak 2019 Cuma g\u00fcn\u00fc saat 15\u2019te Bursa Adliye Konferans salonunda \u201cAvukatlara Elektronik Tebligat Zorunlulu\u011fu ve Kay\u0131tl\u0131 Elektronik Posta (KEP)\u201d konulu konferans\u0131 sundum.Haberin linki i\u00e7in <a href=\"http:\/\/www.bursabarosu.org.tr\/haberler.php?kimlik=1584\">t\u0131klay\u0131n\u0131z: <\/a><br \/>G\u00f6rselin sunum metni i\u00e7in <a href=\"https:\/\/cankattaskin.av.tr\/wp-content\/uploads\/2019\/01\/sunum-g\u00fcncellenmi\u015f-1.pdf\" target=\"_blank\" rel=\"noreferrer noopener\" aria-label=\"t\u0131klay\u0131n\u0131z (yeni sekmede a\u00e7\u0131l\u0131r)\">t\u0131klay\u0131n\u0131z<\/a><br \/>Sunumun videosu i\u00e7in <a href=\"https:\/\/www.youtube.com\/watch?v=lI96K-8qefE&amp;feature=youtu.be\" target=\"_blank\" rel=\"noreferrer noopener\" aria-label=\"t\u0131klay\u0131n\u0131z: (yeni sekmede a\u00e7\u0131l\u0131r)\">t\u0131klay\u0131n\u0131z<\/a><\/li>\n<li>11-14 Ekim 2018 Bilim ve Tekonolji Fuar\u0131-Bursa Merinos AKKM: (Bili\u015fim Sekt\u00f6r\u00fcndeki Yenilikler)- <strong>12 Ekim 2018 saat 15.30&#8217;da sundu\u011fum &#8220;Yeni Geli\u015fmeler Kar\u015f\u0131s\u0131nda Ki\u015fi ve Kurumlar A\u00e7\u0131s\u0131ndan Bili\u015fim Hukuku&#8221; konulu bildirimin tam metni i\u00e7in <a href=\"https:\/\/cankattaskin.av.tr\/wp-content\/uploads\/2018\/10\/YEN\u0130-GEL\u0130\u015eMELER-I\u015eI\u011eINDA-B\u0130L\u0130\u015e\u0130M.pdf\" target=\"_blank\" rel=\"noopener noreferrer\">t\u0131klay\u0131n\u0131z<\/a><\/strong><\/li>\n<li>16-17-18-19 Temmuz 2018 tarihlerinde \u00c7evre M\u00fchendisleri Odas\u0131 Bursa \u015eubesi&#8217;nde &#8220;Bilirki\u015filik Temel E\u011fitimi&#8221;nde 18 saatlik teorik derslerde &#8220;e\u011fitimci&#8221; olarak g\u00f6rev ald\u0131m. Bilgi ve foto\u011fraflar i\u00e7in<a href=\"http:\/\/www.cmo.org.tr\/genel\/bizden_detay.php?kod=98340&amp;tipi=67&amp;sube=16\" target=\"_blank\" rel=\"noopener noreferrer\"> t\u0131klay\u0131n\u0131z<\/a><\/li>\n<li>Adli Bili\u015fim Uygulamalar\u0131 ve Hukuki S\u00fcre\u00e7\u201d konulu panel 26 MAYIS \u00a02017 g\u00fcn\u00fc Eski\u015fehir Barosu \u00a0Konferans Salonu\u2019nda ger\u00e7ekle\u015ftirildi.<a href=\"http:\/\/m.bursadabugun.com\/haber\/adli-bilisim-uzmani-mustafa-sansar-bursa-da-buzdolaplari-saldirabilir-790597.html\">\u00a0<\/a>\u00a0Foto\u011fraflar \u00a0i\u00e7in <a href=\"http:\/\/www.eskisehirbarosu.org.tr\/FotografDetay.aspx?id=1416\" target=\"_blank\" rel=\"noopener noreferrer\">t\u0131klay\u0131n\u0131z.<\/a><\/li>\n<li>&#8220;Adli Bili\u015fim Uygulamalar\u0131 ve Hukuki S\u00fcre\u00e7&#8221; konulu panel 3 \u015eubat 2017 g\u00fcn\u00fc Bursa Adalet Saray\u0131 Konferans Salonu&#8217;nda ger\u00e7ekle\u015ftirildi. Haber linki i\u00e7in <a href=\"http:\/\/m.bursadabugun.com\/haber\/adli-bilisim-uzmani-mustafa-sansar-bursa-da-buzdolaplari-saldirabilir-790597.html\">t\u0131klay\u0131n\u0131z:\u00a0<\/a>\u00a0Foto\u011fraflar ve geni\u015f bilgilendirme i\u00e7in <a href=\"http:\/\/www.bursabarosu.org.tr\/haberler.php?kimlik=1230\" target=\"_blank\" rel=\"noopener noreferrer\">t\u0131klay\u0131n\u0131z.<\/a>\u00a0Panelin videosu i\u00e7in <a href=\"https:\/\/www.youtube.com\/watch?v=y5Y3VrKuMwU\" target=\"_blank\" rel=\"noopener noreferrer\">t\u0131klay\u0131n\u0131z.<\/a><\/li>\n<li>\u00a0ELEKTROMANYET\u0130K K\u0130RL\u0130L\u0130K KAYNAKLARI, HALK SA\u011eLI\u011eINA ETK\u0130LER\u0130 VE HUKUKSAL M\u00dcCADELE ? panelinde 21 Ocak 2017 g\u00fcn\u00fc Prof. Dr. Osman \u00c7EREZC\u0130 ve Prof.Dr. Selim \u015eEKER ile birlikte tebli\u011f sundum. Haber linki i\u00e7in <a href=\"http:\/\/www.haberler.com\/bursa-da-elektromanyetik-kirliligi-paneli-9185989-haberi\/\">t\u0131klay\u0131n\u0131z<\/a><\/li>\n<li>&#8220;Ceza ve Hukuk Yarg\u0131lamalar\u0131nda \u0130stinaf&#8221; konulu konferansta 23 Eyl\u00fcl 2016 g\u00fcn\u00fc &#8220;Ceza Yarg\u0131lamas\u0131nda \u0130stinaf&#8221; konusunu anlatt\u0131m. Konferans\u0131n \u00a0tam s\u00fcr\u00fcm\u00fc i\u00e7in <a href=\"https:\/\/www.youtube.com\/watch?v=GmY23Nmscjc&amp;feature=youtu.be\" target=\"_blank\" rel=\"noopener noreferrer\">t\u0131klay\u0131n\u0131z.<\/a><\/li>\n<li>Say\u0131n Da\u011fhan Uzgur&#8217;la birlikte haz\u0131rlad\u0131\u011f\u0131m\u0131z &#8220;Veri Merkezleri M\u00fc\u015fterilerinin Veri Kayd\u0131n\u0131 Tutmak Zorunda M\u0131?&#8221; ba\u015fl\u0131kl\u0131 yaz\u0131m\u0131z\u0131 okumak i\u00e7in\u00a0<a href=\"https:\/\/www.daghan.com\/veri-merkezi-yonunden-5651da-log-tutma-zorunlulugu.dgn\" target=\"_blank\" rel=\"noopener noreferrer\">t\u0131klay\u0131n\u0131z<\/a>\u00a0 Ayn\u0131 yaz\u0131n\u0131n Turkinternet.com&#8217;da yay\u0131nlanan s\u00fcr\u00fcm\u00fc i\u00e7in <a href=\"http:\/\/www.turk-internet.com\/portal\/yazigoster.php?yaziid=53036\">t\u0131klay\u0131n\u0131z<\/a><\/li>\n<li>Uluda\u011f \u00dcniversitesi Bili\u015fim Toplulu\u011fu&#8217;nun &#8220;Bili\u015fim G\u00fcnleri-1&#8221; konulu Panelinde 17 May\u0131s 2016 g\u00fcn\u00fc \u00a0&#8220;Bili\u015fim Su\u00e7lar\u0131na Hukuksal Bak\u0131\u015f&#8221; konulu tebli\u011fi sundum.<\/li>\n<li>\u0130zmir 4. Uluslar Aras\u0131 Bili\u015fim Hukuku Kurultay\u0131&#8217;nda 13 May\u0131s 2016 g\u00fcn\u00fc &#8220;Unutulma Hakk\u0131 ve Bu Hakk\u0131n T\u00fcrk Hukuku&#8217;nda Uygulanmas\u0131&#8221; ba\u015fl\u0131kl\u0131 tebli\u011fi sundum. (Tebli\u011fin tam s\u00fcr\u00fcm\u00fcne sitenin &#8220;Makalelerim&#8221; sayfas\u0131ndan ula\u015f\u0131labilir)<\/li>\n<li><span style=\"color: #2d73bb;\"><b>Bili\u015fim Hukuku&#8217;nun Bilinmeyenleri konulu panel 18 Mart 2016 Cuma g\u00fcn\u00fc Adalet Saray\u0131 Konferans Salonu&#8217;nda ger\u00e7ekle\u015ftirildi.<\/b><\/span> (22.03.2016).\u00a0 Panelin videosu i\u00e7in <a href=\"https:\/\/youtu.be\/DBEWxeDzk24\" target=\"_blank\" rel=\"noopener noreferrer\">t\u0131klay\u0131n\u0131z<\/a>\u00a0 Canan Ekinci Y\u0131lmaz&#8217;\u0131n haberi i\u00e7in <a href=\"http:\/\/www.meltemgazetesi.com\/37801-2\/\" target=\"_blank\" rel=\"noopener noreferrer\">t\u0131klay\u0131n\u0131z<\/a><\/li>\n<li>22 Ocak 2016 g\u00fcn\u00fc saat 22&#8217;de Bursa AS TV&#8217;de \u00d6zcan Yaz\u0131c\u0131 taraf\u0131ndan haz\u0131rlanan &#8220;Sosyalink&#8221; adl\u0131 programda Bili\u015fim Hukuku \u00fczerine sohbet ettik. \u0130zlemek i\u00e7in <a href=\"https:\/\/www.youtube.com\/watch?v=UpHnxtdxU0E\" target=\"_blank\" rel=\"noopener noreferrer\">t\u0131klay\u0131n\u0131z<\/a><\/li>\n<li>Gazeteci \u0130hsan B\u00f6l\u00fck&#8217;\u00fcn 07.01.2016 tarihli haberi haberi ve s\u00f6yle\u015fimiz i\u00e7in\u00a0 <a href=\"http:\/\/www.bursa.com\/internet-erisim-yasaklarinin-artik-bir-doktoru-var-n226548\/\" target=\"_blank\" rel=\"noopener noreferrer\">t\u0131klay\u0131n\u0131z<\/a><\/li>\n<li>13 Aral\u0131k 2014 Cumartesi\u00a0 saat 10-16 aras\u0131nda d\u00fczenlenen programda I\u015f\u0131k \u00dcniversitesi-Bursa Yerle\u015fkesi &#8220;Bili\u015fim Hukuku Sertifika Program\u0131&#8221;nda e\u011fitmenlik g\u00f6revi \u00fcstlendim.<\/li>\n<li><span style=\"color: #2d73bb;\"><strong>Konu\u015fmac\u0131s\u0131 oldu\u011fum &#8216;5651 Say\u0131l\u0131 Yasa ve son de\u011fi\u015fiklikler \u0131\u015f\u0131\u011f\u0131nda \u0130nternete Eri\u015fim Yasaklar\u0131&#8217; kolunu Panel 7 Mart 2014 Cuma Saat:15.00&#8217;da BURSA Adalet Saray\u0131 Konferans Salonunda ger\u00e7ekle\u015ftirilmi\u015ftir:<\/strong><\/span> (04.03.2014)<a href=\"http:\/\/bursabarosu.org.tr\/duyuru.php?kimlik=450\" target=\"_blank\" rel=\"noopener noreferrer\">http:\/\/bursabarosu.org.tr\/<wbr \/>duyuru.php?kimlik=450<\/a>Panelin foto\u011fraflar\u0131 i\u00e7in a\u015fa\u011f\u0131daki linki t\u0131klayabilirsiniz:<a href=\"http:\/\/www.bursabarosu.org.tr\/haberler.php?kimlik=915\" target=\"_blank\" rel=\"noopener noreferrer\">http:\/\/www.bursabarosu.org.tr\/haberler.php?kimlik=915<\/a><\/li>\n<li>Kocaeli Barosu&#8217;nda 12.1.2014 tarihinde CMK e\u011fitim program\u0131nda &#8220;misafir e\u011fitimci&#8221; olarak Kocaeli Barosu&#8217;nun (ve Bah\u00e7e\u015fehir \u00dcniversitesi&#8217;nin) daveti \u00fczerine g\u00f6rev ald\u0131m.<\/li>\n<li>\u0130stanbul Barosu, EMO \u0130stanbul \u015eubesi&#8217;nin ortakla\u015fa d\u00fczenlemi\u015f oldu\u011fu EMANET 2013 (Elektromanyetik Alanlar ve Etkileri) sempozyumunda 9 Kas\u0131m 2013 tarihinde, saat 14-16 aras\u0131ndaki oturumda konu\u015fmac\u0131 olarak bulunarak tebli\u011f sundum.Sempozyum, \u0130stanbul Be\u015fikta\u015f&#8217;ta Y\u0131ld\u0131z Teknik \u00dcniversitesi Oditoryum Binas\u0131&#8217;nda yap\u0131lm\u0131\u015ft\u0131r.:<a title=\"EMANET-2013\" href=\"http:\/\/www.emo.org.tr\/genel\/bizden_detay.php?kod=99244&amp;sube=6#.Um4ukFPwrhV\" target=\"_blank\" rel=\"noopener noreferrer\">sempozyum tan\u0131t\u0131m program\u0131 i\u00e7in t\u0131klay\u0131n\u0131z<\/a><a href=\"http:\/\/dosya.marmara.edu.tr\/eng\/enve\/Duyurular\/emanet2013_programbrosur.pdf\" target=\"_blank\" rel=\"noopener noreferrer\"> program bro\u015f\u00fcr\u00fc i\u00e7in t\u0131klay\u0131n\u0131z<\/a><\/li>\n<li>Karamano\u011flu Mehmet Bey \u00dcniversitesi&#8217;nin d\u00fczenledi\u011fi &#8220;\u00d6nleyici G\u00fcvenlik Ara\u015ft\u0131rmalar\u0131 Sempozyumu&#8217;nda Say\u0131n Hocam Do\u00e7.Dr M\u00fcsl\u00fcm AKINCI ile birlikte<em><strong> &#8220;\u0130darenin D\u00fczenleme Konusu Olarak \u0130nternet ve \u0130nternete Eri\u015fim Yasaklar\u0131&#8221;<\/strong><\/em> konulu tebli\u011f sundum. (27.09.2013, saat 11.15.11.30-YER KARAMAN)Sempozyum linki ve program\u0131 a\u015fa\u011f\u0131dad\u0131r:<a href=\"http:\/\/ogas.kmu.edu.tr\/anamenu.aspx?ayrinti=62\">http:\/\/ogas.kmu.edu.tr\/anamenu.aspx?ayrinti=62<\/a><\/li>\n<li>Kocaeli Barosu&#8217;nda 2.12.2012 tarihinde CMK e\u011fitim program\u0131nda &#8220;misafir e\u011fitimci&#8221; olarak Kocaeli Barosu&#8217;nun daveti \u00fczerine g\u00f6rev ald\u0131m.<\/li>\n<li>1. Elektromanyetik Alanlar\u0131n Y\u00f6netimi ve Hukuksal D\u00fczenlemeler?, (Bildiri),\u00c7evre ve Halk Sa\u011fl\u0131\u011f\u0131 \u0130\u00e7in EMANET 2011 Sempozyumu, 7-8 Ekim 2011, Kitap\u00e7\u0131k, s. 172-181 (Tebli\u011f sundum)\u00a0 <a href=\"http:\/\/www.emo.org.tr\/ekler\/9b88a5e90e97249_ek.pdf?dergi=681\" target=\"_blank\" rel=\"noopener noreferrer\">\u00f6zet i\u00e7in t\u0131klay\u0131n\u0131z<\/a><\/li>\n<li>?NB\u015e \u00dcretici Firmas\u0131yla M\u00fccadele?, (Bildiri), GDO ve Yapay Tatland\u0131r\u0131c\u0131lar-Sa\u011fl\u0131\u011fa ve \u00c7evreye Zararlar\u0131-Panel Notlar\u0131, \u0130stanbul Barosu Yay\u0131nlar\u0131, 2011, s. 164-172 (Tebli\u011f sundum). <a href=\"http:\/\/www.istanbulbarosu.org.tr\/detail.asp?CatID=1&amp;SubCatID=1&amp;ID=5802\" target=\"_blank\" rel=\"noopener noreferrer\">bilgi i\u00e7in t\u0131klay\u0131n\u0131z<\/a><\/li>\n<li>Bursa Barosu taraf\u0131ndan d\u00fczenlenen &#8220;Bili\u015fim Hukuku&#8221; konulu seminerde 18.10.2010 tarihinde konu\u015fmac\u0131 olarak bulunarak tebli\u011f sundum.<\/li>\n<li>Bursa Barosu taraf\u0131ndan d\u00fczenlenen &#8220;Bili\u015fim Su\u00e7lar\u0131&#8221; konulu seminerde 05.06.2009 tarihinde konu\u015fmac\u0131 olarak bulunarak tebli\u011f sundum.<\/li>\n<\/ol>\n<\/li>\n<\/ol>\n<ol>\n<li style=\"list-style-type: none;\">\u00a0<\/li>\n<\/ol>\n\n\n<p><\/p>\n","protected":false},"excerpt":{"rendered":"<p>Ankara Hac\u0131 Bayram Veli \u00dcniversitesi taraf\u0131ndan d\u00fczenlenen \u201cT\u00dcRK CEZA HUKUKU MEVZUATININ 20 YILLIK UYGULAMASININ DE\u011eERLEND\u0130R\u0130LMES\u0130 (Prof. Dr. Cumhur \u015eAH\u0130N\u2019e Arma\u011fan) SEMPOZYUMU\u201dnun 12 Aral\u0131k 2025 g\u00fcnk\u00fcoturumunda (7.Oturum, B Salonu) , 15:00-16.30 aras\u0131nda \u201cKovu\u015fturma Evresinde Susma Hakk\u0131n\u0131nKullan\u0131lmas\u0131n\u0131n Delillerin Ortaya Konulmas\u0131na Etkisi\u201d ba\u015fl\u0131kl\u0131 &hellip; <a href=\"https:\/\/cankattaskin.av.tr\/?page_id=1091\">Okumaya devam et <span class=\"meta-nav\">&rarr;<\/span><\/a><\/p>\n","protected":false},"author":1,"featured_media":0,"parent":0,"menu_order":0,"comment_status":"closed","ping_status":"closed","template":"","meta":{"footnotes":""},"class_list":["post-1091","page","type-page","status-publish","hentry"],"_links":{"self":[{"href":"https:\/\/cankattaskin.av.tr\/index.php?rest_route=\/wp\/v2\/pages\/1091","targetHints":{"allow":["GET"]}}],"collection":[{"href":"https:\/\/cankattaskin.av.tr\/index.php?rest_route=\/wp\/v2\/pages"}],"about":[{"href":"https:\/\/cankattaskin.av.tr\/index.php?rest_route=\/wp\/v2\/types\/page"}],"author":[{"embeddable":true,"href":"https:\/\/cankattaskin.av.tr\/index.php?rest_route=\/wp\/v2\/users\/1"}],"replies":[{"embeddable":true,"href":"https:\/\/cankattaskin.av.tr\/index.php?rest_route=%2Fwp%2Fv2%2Fcomments&post=1091"}],"version-history":[{"count":72,"href":"https:\/\/cankattaskin.av.tr\/index.php?rest_route=\/wp\/v2\/pages\/1091\/revisions"}],"predecessor-version":[{"id":3759,"href":"https:\/\/cankattaskin.av.tr\/index.php?rest_route=\/wp\/v2\/pages\/1091\/revisions\/3759"}],"wp:attachment":[{"href":"https:\/\/cankattaskin.av.tr\/index.php?rest_route=%2Fwp%2Fv2%2Fmedia&parent=1091"}],"curies":[{"name":"wp","href":"https:\/\/api.w.org\/{rel}","templated":true}]}}